 divided by i(18)?
1
Let w be 3 - -4 - (0 + 2). Suppose -3*g = -w*l - 172, 2*l - 3*l - 250 = -5*g. What is the remainder when g is divided by 17?
15
Let u(k) = k - 24. Let v(n) = 1. Let r(y) = -2*u(y) + 4*v(y). What is the remainder when 69 is divided by r(14)?
21
Let t = 7 + -9. Let z be 1*t/4*-22. Calculate the remainder when 74 is divided by (25/4)/(z/44).
24
Let m(v) = 75*v + 3. Let r be m(3). Let q be r/(-4)*4/(-6). Suppose 10 = 5*z, h + 4*z = -2*h + q. What is the remainder when 17 is divided by h?
7
Let i(g) = -1. Let h(o) = -44*o + 2. Let p(f) = -h(f) - i(f). Calculate the remainder when p(3) is divided by 45.
41
Let q be 117/(-78)*(4/3)/(-1). Suppose 3*w = q*f - w + 4, 5*f - 18 = -4*w. Calculate the remainder when 13 is divided by f.
1
Let m(l) = -l**3 + 4*l**2 + 8*l - 6. Suppose -5*h + 81 = n, 0 = -h - 4*n + 8 + 12. Calculate the remainder when h is divided by m(5).
7
Let b = 154 - 123. Calculate the remainder when 83 is divided by b.
21
Suppose b = -2*f - 2*f + 15, -2*b + 2*f + 70 = 0. Suppose k - 4*k = -114. Suppose k = r - b. What is the remainder when r is divided by 12?
9
Suppose -89 = -5*r + 176. What is the remainder when r is divided by 9?
8
Let c(r) = r**2 + 9*r + 11. What is the remainder when c(-10) is divided by 4?
1
Suppose -2*g - 2*t + 66 - 24 = 0, -25 = 5*t. What is the remainder when 87 is divided by g?
9
Suppose 3*d = -l + 125, -4*l = -4*d + l + 135. Suppose 5*c = -25, -u + 5*u - c = 89. Calculate the remainder when d is divided by u.
19
Suppose 252 = -4*o + 3*o. Let q = -99 - o. What is the remainder when q is divided by 39?
36
Let d = 2 - 2. Suppose d = 5*n - n - 116. Suppose n + 13 = 3*t. Calculate the remainder when 27 is divided by t.
13
Let m = -143 - -197. What is the remainder when 321 is divided by m?
51
Suppose 30 = -4*g + 86. What is the remainder when (-4)/g + 1550/35 is divided by 9?
8
Let n be (6/15)/((-6)/(-75)). Suppose -n*d = -0*d - 100. Suppose -4*h = -0*h - 28. Calculate the remainder when d is divided by h.
6
Let a = -39 - -44. Suppose -5*z - 23 = -3*w, -24 - 1 = -5*w - a*z. Calculate the remainder when 16 is divided by w.
4
Let x(q) = -q**2 + 3*q - 2. Let m be x(3). Let c(v) = 4*v**3 + 2*v**2 - v + 2. Let n be c(m). Let u = 37 + n. Calculate the remainder when 33 is divided by u.
16
What is the remainder when (-5)/(10/(-554)) + 1 is divided by 55?
3
Let u(l) = 11*l**2 - 13*l + 2. What is the remainder when 555 is divided by u(3)?
59
Let w = 15 - 11. Let r be (-5)/40*-2 - (-21)/12. Suppose 4*y + r*t = 12, 0 = y - 2*t - t - 3. What is the remainder when w is divided by y?
1
Suppose 0 = 2*j - 6*j + 184. Let x = 90 - j. What is the remainder when x is divided by 15?
14
Let l(k) = 2*k**2 + 5*k**2 - 6*k**2 - k. Let n(i) = 5*i**2 - 11*i + 12. Let v(z) = -4*l(z) + n(z). Calculate the remainder when 77 is divided by v(8).
17
Suppose -86 + 28 = -3*b + 5*i, -56 = -4*b - 4*i. Suppose g - 40 - 43 = 0. Let q = g - 36. What is the remainder when q is divided by b?
15
Let j(u) = -u**3 - 19*u**2 - 18*u. Let y be j(-18). Suppose y = -i + 21 - 7. What is the remainder when 27 is divided by i?
13
Let b = -9 + 24. Suppose -46*y - 1529 + 2685 + 2800 = 0. Calculate the remainder when y is divided by b.
11
Let u = -2390 - -2425. What is the remainder when u is divided by 22?
13
What is the remainder when 28 is divided by (-6)/6*-4 - -3?
0
What is the remainder when (581/35)/(3/45) is divided by 14?
11
Let x(u) = u**2 + 14*u + 23. Let l be x(-11). Let p = l - -17. What is the remainder when 118 is divided by p?
6
Calculate the remainder when (7542/27)/((-2)/18*-6) is divided by 25.
19
Suppose -2*a = q + 54, -4*a = -3*q - 36 + 134. Let y = -14 - a. Suppose u - 44 = -3*x, -2*x - 4*u + 24 = -y. What is the remainder when x is divided by 5?
4
Let a = 4 - 2. Suppose -a*g = 4*o - 40, 32 = g - o - 0*o. Suppose 8*b - 5*b = 30. Calculate the remainder when g is divided by b.
8
Let l = 1794 - 1757. What is the remainder when 114 is divided by l?
3
Let a(n) = n + 42. Calculate the remainder when 214 is divided by a(-18).
22
Suppose 0 = 2*o + 5*k - 1, -10 = -10*o + 6*o - 2*k. Calculate the remainder when 17 is divided by o.
2
Let q = 1511 - 1301. What is the remainder when q is divided by 27?
21
Let w = 651 + -622. Let q = 6 - -3. Calculate the remainder when w is divided by q.
2
Suppose 4*d - 24 = 2*h, h = -3*d + 1 + 12. Suppose -4*j + j = -99. What is the remainder when j is divided by d?
3
Let g(w) = -w**3 - 5*w**2 + 12*w - 10. Let s be g(-7). Suppose 2*i = 4, -s*j + i + 79 + 43 = 0. Calculate the remainder when 153 is divided by j.
29
Suppose -52*q = 5*r - 55*q - 286, 4*r - 228 = 2*q. Calculate the remainder when 89 is divided by r.
33
Let t = -1170 + 1175. Calculate the remainder when 8 is divided by t.
3
Let c(x) = x**3 + 8*x**2 + 2*x + 9. Let f be c(-8). Let p = f + 12. Calculate the remainder when p is divided by 2.
1
Let a(m) = -m**2 - 9*m - 9. Let t be a(-7). Suppose -t*h + 280 - 70 = 0. Calculate the remainder when h is divided by 22.
20
Suppose 11*y - 72 - 93 = 0. Suppose 8*t - 4*c = 3*t + 273, 5*c = 15. Calculate the remainder when t is divided by y.
12
Suppose 3*d + 5*s - 117 = 0, d - s = 5*d - 173. Let p(l) = -2*l - l**2 + 8 - 3*l + 0*l**2 - 3. Calculate the remainder when d is divided by p(-4).
8
Let x(l) = -l**2 - 2*l + 2. Let o be x(-3). What is the remainder when 51 is divided by 6 + (-3)/o + 0?
6
Suppose -333 - 8 = -11*k. Let u(q) = q + 39. What is the remainder when u(0) is divided by k?
8
Let j(d) = -d**2 - 31*d - 16. Calculate the remainder when 49 is divided by j(-30).
7
Let s = -24 + 70. What is the remainder when 179 is divided by s?
41
Suppose -o - 4*z = -23, -5*o - 2*z + 30 = z. Suppose -o*s - 83 + 122 = 0. Calculate the remainder when 10/(1/5 - 0) is divided by s.
11
Let y = -239 + 247. Calculate the remainder when 20 is divided by y.
4
Calculate the remainder when 2/3 + 110/6 is divided by 4/34 + (-3 - -31)*48/136.
9
Let g(w) = -w + 6. Let u be g(0). Let j = 13 - u. What is the remainder when -2*(-3)/12*54 is divided by j?
6
Let n be (-4 - -2)/((-8)/(-36)). Suppose 0 = -4*h + q + 156, -3*h - 2*h + 198 = -2*q. Calculate the remainder when h is divided by 182/9 + ((-7)/n - 1).
18
Suppose 4*n - 7 = -5*d, 0 = 8*n - 3*n + 10. Let t = d - 2. Let z(h) = h**2 + 8*h + 8. What is the remainder when t is divided by z(-7)?
0
Let i(c) = c + 8. Let v(w) = -w - 1. Let o(y) = -4*y - 8. Let g(d) = -o(d) + 3*v(d). What is the remainder when g(10) is divided by i(1)?
6
Let u(j) = 2*j**2 + j - 3. Let t be u(2). Suppose -t*m = -6*m - 19. Calculate the remainder when 53 is divided by m.
15
Suppose 319 = 40*h - 29*h. What is the remainder when 110 is divided by h?
23
Let l = -20 + 15. Let v(f) = -7*f - 6. Let a(s) = 8*s + 7. Let d(j) = l*a(j) - 6*v(j). What is the remainder when d(7) is divided by 8?
7
Suppose 0*w + 4*w = -3*y + 10, 0 = 2*y + 3*w - 6. Calculate the remainder when 2 - 4 - (2/1 - 12) is divided by y.
2
Let i(y) = -5*y**2 - 22*y - 6. Let g(l) = -l**3 + 2*l**2 + 4*l - 1. Calculate the remainder when i(-3) is divided by g(3).
1
Suppose 4*h - 2*h - 9 = u, -4*h = 5*u - 25. Let b(t) = -t**3 + 7*t**2 - 7*t + 12. Calculate the remainder when b(h) is divided by 1/(-2) + 31/2.
12
Let k = 217 + -205. Calculate the remainder when 46 is divided by k.
10
Suppose -2*k = 10, 5*z - 7*k - 1100 = -8*k. What is the remainder when z is divided by 62?
35
Suppose -4*c - 35 = -6*c - 3*g, -4 = 4*g. Calculate the remainder when 357 is divided by c.
15
Let c(j) = -41*j + 454. What is the remainder when 159 is divided by c(11)?
0
Let z(j) = -37*j + 2. Let v(k) = 1 + 6*k + 2 - 5. Calculate the remainder when z(-2) is divided by v(7).
36
What is the remainder when -1 + 49 - (-2)/2 is divided by (400/700)/((-1)/(70/(-4)))?
9
Suppose -4*c - 17 + 141 = 0. Let s = 45 - 66. Let t = -13 - s. Calculate the remainder when c is divided by t.
7
Let c(o) = 2*o - 7. Let b(h) = h - 3. Let z(i) = 5*b(i) - 3*c(i). What is the remainder when 15 is divided by z(-3)?
6
Suppose 5*x = 4*p + 888 + 598, -1195 = -4*x - 3*p. Calculate the remainder when 900 is divided by x.
6
Suppose 17*f - 15*f - v - 1851 = 0, -3696 = -4*f + 4*v. What is the remainder when f is divided by 31?
28
Let s = -88 - -207. Let j = 88 - 68. What is the remainder when s is divided by 